{"id":1464,"date":"2025-04-18T15:31:17","date_gmt":"2025-04-18T13:31:17","guid":{"rendered":"https:\/\/mertz-design.dk\/?post_type=product&#038;p=1464"},"modified":"2026-02-04T21:36:08","modified_gmt":"2026-02-04T20:36:08","slug":"leg-extender-for-aj-chairs","status":"publish","type":"product","link":"https:\/\/www.mertz-design.dk\/en\/product\/leg-extender-for-aj-chairs\/","title":{"rendered":"Leg extender for AJ chairs"},"content":{"rendered":"","protected":false},"excerpt":{"rendered":"<h6><strong>S\u00e6t benforl\u00e6ngere til Arne Jacobsen Syveren, Myren, mm.<\/strong><\/h6>\n<ul>\n<li>v\u00e6lg mellem 3 h\u00f8jder<\/li>\n<li>passer n\u00e6sten alle AJ stole<\/li>\n<li>nem montering<\/li>\n<\/ul>","protected":false},"featured_media":1439,"comment_status":"closed","ping_status":"closed","template":"","meta":{"_acf_changed":false},"product_cat":[132],"product_tag":[],"class_list":{"0":"post-1464","1":"product","2":"type-product","3":"status-publish","4":"has-post-thumbnail","6":"product_cat-accessories","7":"pa_maerker-mertz-design","9":"first","10":"outofstock","11":"taxable","12":"shipping-taxable","13":"purchasable","14":"product-type-simple","swatches":"rey-swatches","show_selected":""},"acf":[],"yoast_head":"<!-- This site is optimized with the Yoast SEO plugin v27.5 - https:\/\/yoast.com\/product\/yoast-seo-wordpress\/ -->\n<title>Leg extender for AJ chairs - Mertz Design<\/title>\n<meta name=\"robots\" content=\"index, follow, max-snippet:-1, max-image-preview:large, max-video-preview:-1\" \/>\n<link rel=\"canonical\" href=\"https:\/\/www.mertz-design.dk\/en\/product\/leg-extender-for-aj-chairs\/\" \/>\n<meta property=\"og:locale\" content=\"en_US\" \/>\n<meta property=\"og:type\" content=\"article\" \/>\n<meta property=\"og:title\" content=\"Leg extender for AJ chairs - Mertz Design\" \/>\n<meta property=\"og:description\" content=\"S\u00e6t benforl\u00e6ngere til Arne Jacobsen Syveren, Myren, mm.   v\u00e6lg mellem 3 h\u00f8jder  passer n\u00e6sten alle AJ stole  nem montering\" \/>\n<meta property=\"og:url\" content=\"https:\/\/www.mertz-design.dk\/en\/product\/leg-extender-for-aj-chairs\/\" \/>\n<meta property=\"og:site_name\" content=\"Mertz Design\" \/>\n<meta property=\"article:modified_time\" content=\"2026-02-04T20:36:08+00:00\" \/>\n<meta property=\"og:image\" content=\"https:\/\/www.mertz-design.dk\/wp-content\/uploads\/2025\/02\/mertz_design_benforlaenger_aj_stole_samlet.png\" \/>\n\t<meta property=\"og:image:width\" content=\"1200\" \/>\n\t<meta property=\"og:image:height\" content=\"1200\" \/>\n\t<meta property=\"og:image:type\" content=\"image\/png\" \/>\n<meta name=\"twitter:card\" content=\"summary_large_image\" \/>\n<meta name=\"twitter:label1\" content=\"Est. reading time\" \/>\n\t<meta name=\"twitter:data1\" content=\"1 minute\" \/>\n<script type=\"application\/ld+json\" class=\"yoast-schema-graph\">{\"@context\":\"https:\\\/\\\/schema.org\",\"@graph\":[{\"@type\":\"WebPage\",\"@id\":\"https:\\\/\\\/www.mertz-design.dk\\\/en\\\/product\\\/leg-extender-for-aj-chairs\\\/\",\"url\":\"https:\\\/\\\/www.mertz-design.dk\\\/en\\\/product\\\/leg-extender-for-aj-chairs\\\/\",\"name\":\"Leg extender for AJ chairs - Mertz Design\",\"isPartOf\":{\"@id\":\"https:\\\/\\\/www.mertz-design.dk\\\/en\\\/#website\"},\"primaryImageOfPage\":{\"@id\":\"https:\\\/\\\/www.mertz-design.dk\\\/en\\\/product\\\/leg-extender-for-aj-chairs\\\/#primaryimage\"},\"image\":{\"@id\":\"https:\\\/\\\/www.mertz-design.dk\\\/en\\\/product\\\/leg-extender-for-aj-chairs\\\/#primaryimage\"},\"thumbnailUrl\":\"https:\\\/\\\/www.mertz-design.dk\\\/wp-content\\\/uploads\\\/2025\\\/02\\\/mertz_design_benforlaenger_aj_stole_samlet.png\",\"datePublished\":\"2025-04-18T13:31:17+00:00\",\"dateModified\":\"2026-02-04T20:36:08+00:00\",\"breadcrumb\":{\"@id\":\"https:\\\/\\\/www.mertz-design.dk\\\/en\\\/product\\\/leg-extender-for-aj-chairs\\\/#breadcrumb\"},\"inLanguage\":\"en-US\",\"potentialAction\":[{\"@type\":\"ReadAction\",\"target\":[\"https:\\\/\\\/www.mertz-design.dk\\\/en\\\/product\\\/leg-extender-for-aj-chairs\\\/\"]}]},{\"@type\":\"ImageObject\",\"inLanguage\":\"en-US\",\"@id\":\"https:\\\/\\\/www.mertz-design.dk\\\/en\\\/product\\\/leg-extender-for-aj-chairs\\\/#primaryimage\",\"url\":\"https:\\\/\\\/www.mertz-design.dk\\\/wp-content\\\/uploads\\\/2025\\\/02\\\/mertz_design_benforlaenger_aj_stole_samlet.png\",\"contentUrl\":\"https:\\\/\\\/www.mertz-design.dk\\\/wp-content\\\/uploads\\\/2025\\\/02\\\/mertz_design_benforlaenger_aj_stole_samlet.png\",\"width\":1200,\"height\":1200},{\"@type\":\"BreadcrumbList\",\"@id\":\"https:\\\/\\\/www.mertz-design.dk\\\/en\\\/product\\\/leg-extender-for-aj-chairs\\\/#breadcrumb\",\"itemListElement\":[{\"@type\":\"ListItem\",\"position\":1,\"name\":\"Home\",\"item\":\"https:\\\/\\\/www.mertz-design.dk\\\/en\\\/home\\\/\"},{\"@type\":\"ListItem\",\"position\":2,\"name\":\"Store\",\"item\":\"https:\\\/\\\/www.mertz-design.dk\\\/?page_id=125\"},{\"@type\":\"ListItem\",\"position\":3,\"name\":\"Leg extender for AJ chairs\"}]},{\"@type\":\"WebSite\",\"@id\":\"https:\\\/\\\/www.mertz-design.dk\\\/en\\\/#website\",\"url\":\"https:\\\/\\\/www.mertz-design.dk\\\/en\\\/\",\"name\":\"Mertz Design\",\"description\":\"\",\"publisher\":{\"@id\":\"https:\\\/\\\/www.mertz-design.dk\\\/en\\\/#organization\"},\"potentialAction\":[{\"@type\":\"SearchAction\",\"target\":{\"@type\":\"EntryPoint\",\"urlTemplate\":\"https:\\\/\\\/www.mertz-design.dk\\\/en\\\/?s={search_term_string}\"},\"query-input\":{\"@type\":\"PropertyValueSpecification\",\"valueRequired\":true,\"valueName\":\"search_term_string\"}}],\"inLanguage\":\"en-US\"},{\"@type\":\"Organization\",\"@id\":\"https:\\\/\\\/www.mertz-design.dk\\\/en\\\/#organization\",\"name\":\"Mertz Design\",\"url\":\"https:\\\/\\\/www.mertz-design.dk\\\/en\\\/\",\"logo\":{\"@type\":\"ImageObject\",\"inLanguage\":\"en-US\",\"@id\":\"https:\\\/\\\/www.mertz-design.dk\\\/en\\\/#\\\/schema\\\/logo\\\/image\\\/\",\"url\":\"https:\\\/\\\/www.mertz-design.dk\\\/wp-content\\\/uploads\\\/2025\\\/01\\\/logo.png\",\"contentUrl\":\"https:\\\/\\\/www.mertz-design.dk\\\/wp-content\\\/uploads\\\/2025\\\/01\\\/logo.png\",\"width\":167,\"height\":47,\"caption\":\"Mertz Design\"},\"image\":{\"@id\":\"https:\\\/\\\/www.mertz-design.dk\\\/en\\\/#\\\/schema\\\/logo\\\/image\\\/\"}}]}<\/script>\n<!-- \/ Yoast SEO plugin. -->","yoast_head_json":{"title":"Leg extender for AJ chairs - Mertz Design","robots":{"index":"index","follow":"follow","max-snippet":"max-snippet:-1","max-image-preview":"max-image-preview:large","max-video-preview":"max-video-preview:-1"},"canonical":"https:\/\/www.mertz-design.dk\/en\/product\/leg-extender-for-aj-chairs\/","og_locale":"en_US","og_type":"article","og_title":"Leg extender for AJ chairs - Mertz Design","og_description":"S\u00e6t benforl\u00e6ngere til Arne Jacobsen Syveren, Myren, mm.   v\u00e6lg mellem 3 h\u00f8jder  passer n\u00e6sten alle AJ stole  nem montering","og_url":"https:\/\/www.mertz-design.dk\/en\/product\/leg-extender-for-aj-chairs\/","og_site_name":"Mertz Design","article_modified_time":"2026-02-04T20:36:08+00:00","og_image":[{"width":1200,"height":1200,"url":"https:\/\/www.mertz-design.dk\/wp-content\/uploads\/2025\/02\/mertz_design_benforlaenger_aj_stole_samlet.png","type":"image\/png"}],"twitter_card":"summary_large_image","twitter_misc":{"Est. reading time":"1 minute"},"schema":{"@context":"https:\/\/schema.org","@graph":[{"@type":"WebPage","@id":"https:\/\/www.mertz-design.dk\/en\/product\/leg-extender-for-aj-chairs\/","url":"https:\/\/www.mertz-design.dk\/en\/product\/leg-extender-for-aj-chairs\/","name":"Leg extender for AJ chairs - Mertz Design","isPartOf":{"@id":"https:\/\/www.mertz-design.dk\/en\/#website"},"primaryImageOfPage":{"@id":"https:\/\/www.mertz-design.dk\/en\/product\/leg-extender-for-aj-chairs\/#primaryimage"},"image":{"@id":"https:\/\/www.mertz-design.dk\/en\/product\/leg-extender-for-aj-chairs\/#primaryimage"},"thumbnailUrl":"https:\/\/www.mertz-design.dk\/wp-content\/uploads\/2025\/02\/mertz_design_benforlaenger_aj_stole_samlet.png","datePublished":"2025-04-18T13:31:17+00:00","dateModified":"2026-02-04T20:36:08+00:00","breadcrumb":{"@id":"https:\/\/www.mertz-design.dk\/en\/product\/leg-extender-for-aj-chairs\/#breadcrumb"},"inLanguage":"en-US","potentialAction":[{"@type":"ReadAction","target":["https:\/\/www.mertz-design.dk\/en\/product\/leg-extender-for-aj-chairs\/"]}]},{"@type":"ImageObject","inLanguage":"en-US","@id":"https:\/\/www.mertz-design.dk\/en\/product\/leg-extender-for-aj-chairs\/#primaryimage","url":"https:\/\/www.mertz-design.dk\/wp-content\/uploads\/2025\/02\/mertz_design_benforlaenger_aj_stole_samlet.png","contentUrl":"https:\/\/www.mertz-design.dk\/wp-content\/uploads\/2025\/02\/mertz_design_benforlaenger_aj_stole_samlet.png","width":1200,"height":1200},{"@type":"BreadcrumbList","@id":"https:\/\/www.mertz-design.dk\/en\/product\/leg-extender-for-aj-chairs\/#breadcrumb","itemListElement":[{"@type":"ListItem","position":1,"name":"Home","item":"https:\/\/www.mertz-design.dk\/en\/home\/"},{"@type":"ListItem","position":2,"name":"Store","item":"https:\/\/www.mertz-design.dk\/?page_id=125"},{"@type":"ListItem","position":3,"name":"Leg extender for AJ chairs"}]},{"@type":"WebSite","@id":"https:\/\/www.mertz-design.dk\/en\/#website","url":"https:\/\/www.mertz-design.dk\/en\/","name":"Mertz Design","description":"","publisher":{"@id":"https:\/\/www.mertz-design.dk\/en\/#organization"},"potentialAction":[{"@type":"SearchAction","target":{"@type":"EntryPoint","urlTemplate":"https:\/\/www.mertz-design.dk\/en\/?s={search_term_string}"},"query-input":{"@type":"PropertyValueSpecification","valueRequired":true,"valueName":"search_term_string"}}],"inLanguage":"en-US"},{"@type":"Organization","@id":"https:\/\/www.mertz-design.dk\/en\/#organization","name":"Mertz Design","url":"https:\/\/www.mertz-design.dk\/en\/","logo":{"@type":"ImageObject","inLanguage":"en-US","@id":"https:\/\/www.mertz-design.dk\/en\/#\/schema\/logo\/image\/","url":"https:\/\/www.mertz-design.dk\/wp-content\/uploads\/2025\/01\/logo.png","contentUrl":"https:\/\/www.mertz-design.dk\/wp-content\/uploads\/2025\/01\/logo.png","width":167,"height":47,"caption":"Mertz Design"},"image":{"@id":"https:\/\/www.mertz-design.dk\/en\/#\/schema\/logo\/image\/"}}]}},"_links":{"self":[{"href":"https:\/\/www.mertz-design.dk\/en\/wp-json\/wp\/v2\/product\/1464","targetHints":{"allow":["GET"]}}],"collection":[{"href":"https:\/\/www.mertz-design.dk\/en\/wp-json\/wp\/v2\/product"}],"about":[{"href":"https:\/\/www.mertz-design.dk\/en\/wp-json\/wp\/v2\/types\/product"}],"replies":[{"embeddable":true,"href":"https:\/\/www.mertz-design.dk\/en\/wp-json\/wp\/v2\/comments?post=1464"}],"wp:featuredmedia":[{"embeddable":true,"href":"https:\/\/www.mertz-design.dk\/en\/wp-json\/wp\/v2\/media\/1439"}],"wp:attachment":[{"href":"https:\/\/www.mertz-design.dk\/en\/wp-json\/wp\/v2\/media?parent=1464"}],"wp:term":[{"taxonomy":"product_cat","embeddable":true,"href":"https:\/\/www.mertz-design.dk\/en\/wp-json\/wp\/v2\/product_cat?post=1464"},{"taxonomy":"product_tag","embeddable":true,"href":"https:\/\/www.mertz-design.dk\/en\/wp-json\/wp\/v2\/product_tag?post=1464"}],"curies":[{"name":"wp","href":"https:\/\/api.w.org\/{rel}","templated":true}]}}

<h6><strong>Sæt benforlængere til Arne Jacobsen Syveren, Myren, mm.</strong></h6>
<ul>
<li>vælg mellem 3 højder</li>
<li>passer næsten alle AJ stole</li>
<li>nem montering</li>
</ul>

<!-- This site is optimized with the Yoast SEO plugin v27.5 - https://yoast.com/product/yoast-seo-wordpress/ -->
<title>Leg extender for AJ chairs - Mertz Design</title>
<meta name="robots" content="index, follow, max-snippet:-1, max-image-preview:large, max-video-preview:-1" />
<link rel="canonical" href="https://www.mertz-design.dk/en/product/leg-extender-for-aj-chairs/" />
<meta property="og:locale" content="en_US" />
<meta property="og:type" content="article" />
<meta property="og:title" content="Leg extender for AJ chairs - Mertz Design" />
<meta property="og:description" content="Sæt benforlængere til Arne Jacobsen Syveren, Myren, mm.   vælg mellem 3 højder  passer næsten alle AJ stole  nem montering" />
<meta property="og:url" content="https://www.mertz-design.dk/en/product/leg-extender-for-aj-chairs/" />
<meta property="og:site_name" content="Mertz Design" />
<meta property="article:modified_time" content="2026-02-04T20:36:08+00:00" />
<meta property="og:image" content="https://www.mertz-design.dk/wp-content/uploads/2025/02/mertz_design_benforlaenger_aj_stole_samlet.png" />
	<meta property="og:image:width" content="1200" />
	<meta property="og:image:height" content="1200" />
	<meta property="og:image:type" content="image/png" />
<meta name="twitter:card" content="summary_large_image" />
<meta name="twitter:label1" content="Est. reading time" />
	<meta name="twitter:data1" content="1 minute" />
<script type="application/ld+json" class="yoast-schema-graph">{"@context":"https:\/\/schema.org","@graph":[{"@type":"WebPage","@id":"https:\/\/www.mertz-design.dk\/en\/product\/leg-extender-for-aj-chairs\/","url":"https:\/\/www.mertz-design.dk\/en\/product\/leg-extender-for-aj-chairs\/","name":"Leg extender for AJ chairs - Mertz Design","isPartOf":{"@id":"https:\/\/www.mertz-design.dk\/en\/#website"},"primaryImageOfPage":{"@id":"https:\/\/www.mertz-design.dk\/en\/product\/leg-extender-for-aj-chairs\/#primaryimage"},"image":{"@id":"https:\/\/www.mertz-design.dk\/en\/product\/leg-extender-for-aj-chairs\/#primaryimage"},"thumbnailUrl":"https:\/\/www.mertz-design.dk\/wp-content\/uploads\/2025\/02\/mertz_design_benforlaenger_aj_stole_samlet.png","datePublished":"2025-04-18T13:31:17+00:00","dateModified":"2026-02-04T20:36:08+00:00","breadcrumb":{"@id":"https:\/\/www.mertz-design.dk\/en\/product\/leg-extender-for-aj-chairs\/#breadcrumb"},"inLanguage":"en-US","potentialAction":[{"@type":"ReadAction","target":["https:\/\/www.mertz-design.dk\/en\/product\/leg-extender-for-aj-chairs\/"]}]},{"@type":"ImageObject","inLanguage":"en-US","@id":"https:\/\/www.mertz-design.dk\/en\/product\/leg-extender-for-aj-chairs\/#primaryimage","url":"https:\/\/www.mertz-design.dk\/wp-content\/uploads\/2025\/02\/mertz_design_benforlaenger_aj_stole_samlet.png","contentUrl":"https:\/\/www.mertz-design.dk\/wp-content\/uploads\/2025\/02\/mertz_design_benforlaenger_aj_stole_samlet.png","width":1200,"height":1200},{"@type":"BreadcrumbList","@id":"https:\/\/www.mertz-design.dk\/en\/product\/leg-extender-for-aj-chairs\/#breadcrumb","itemListElement":[{"@type":"ListItem","position":1,"name":"Home","item":"https:\/\/www.mertz-design.dk\/en\/home\/"},{"@type":"ListItem","position":2,"name":"Store","item":"https:\/\/www.mertz-design.dk\/?page_id=125"},{"@type":"ListItem","position":3,"name":"Leg extender for AJ chairs"}]},{"@type":"WebSite","@id":"https:\/\/www.mertz-design.dk\/en\/#website","url":"https:\/\/www.mertz-design.dk\/en\/","name":"Mertz Design","description":"","publisher":{"@id":"https:\/\/www.mertz-design.dk\/en\/#organization"},"potentialAction":[{"@type":"SearchAction","target":{"@type":"EntryPoint","urlTemplate":"https:\/\/www.mertz-design.dk\/en\/?s={search_term_string}"},"query-input":{"@type":"PropertyValueSpecification","valueRequired":true,"valueName":"search_term_string"}}],"inLanguage":"en-US"},{"@type":"Organization","@id":"https:\/\/www.mertz-design.dk\/en\/#organization","name":"Mertz Design","url":"https:\/\/www.mertz-design.dk\/en\/","logo":{"@type":"ImageObject","inLanguage":"en-US","@id":"https:\/\/www.mertz-design.dk\/en\/#\/schema\/logo\/image\/","url":"https:\/\/www.mertz-design.dk\/wp-content\/uploads\/2025\/01\/logo.png","contentUrl":"https:\/\/www.mertz-design.dk\/wp-content\/uploads\/2025\/01\/logo.png","width":167,"height":47,"caption":"Mertz Design"},"image":{"@id":"https:\/\/www.mertz-design.dk\/en\/#\/schema\/logo\/image\/"}}]}</script>
<!-- / Yoast SEO plugin. -->

Sæt benforlængere til Arne Jacobsen Syveren, Myren, mm.   vælg mellem 3 højder  passer næsten alle AJ stole  nem montering
